reatest common factor of 27 and p?
3
Suppose -4*d = -4*v + 24, -5*v + 3*d + 22 = 2*d. Suppose -v*j + 0 = -20. Suppose -66 - 4 = -j*n. What is the greatest common factor of n and 98?
14
Suppose -3*b - 36 = -3*j, 2*j - 9*b = -12*b + 14. Calculate the highest common factor of j and 160.
10
Suppose 2*y + 2*o = -y + 330, 2*o + 318 = 3*y. Let r be -1 + 3/5 + (-4075)/125. Let d = -21 - r. What is the highest common factor of y and d?
12
Let y = -27 + 30. Suppose -2*d + y*w = -17, -4*d + 0*d + 39 = -w. Calculate the highest common divisor of 5 and d.
5
Let n = -17 - -22. Suppose 4*m + 4*y = 192, n*m + 3*y = m + 189. Calculate the highest common factor of m and 15.
15
Suppose -64 = -2*v + 26. Let r(y) = y**2 - 5*y - 5. Suppose u + 2 + 6 = p, -3*p + 2*u = -23. Let n be r(p). Calculate the highest common factor of n and v.
9
Suppose b + 0 = -c - 4, -3*b + c - 12 = 0. Let x be (-51)/b + -1 + (-67)/(-268). What is the highest common divisor of 3 and x?
3
Let x = 25 - 6. Let c = -13 + x. Suppose -c*n + 45 = -n. What is the greatest common divisor of n and 9?
9
Let p be ((-1)/(-3))/(4/1296). What is the greatest common divisor of 72 and p?
36
Let o be (-2)/24 + 454/(-24). Suppose 0 = 3*f - 7*f + 132. Let v = o + f. Calculate the greatest common divisor of 14 and v.
14
Let z be (-3 - (-10)/4)/((-2)/252). Let i = 85 - z. What is the highest common factor of 176 and i?
22
Let d = -36 - -72. Suppose -2*q + 2*l + 170 = 0, 0 = 3*q - 4*l - l - 245. Let y be 2/10 + 1062/q. Calculate the greatest common divisor of y and d.
12
Let c(k) = 17*k + 26 - 11*k - 4*k. Let m be c(0). What is the greatest common factor of 39 and m?
13
Let o be (-1)/((-1)/15 - 8/(-20)). Let q(i) = -3*i**3 - 5*i**2 - 4*i. Let k be q(o). Calculate the highest common factor of 32 and k.
16
Suppose 693 = -x + 711. Calculate the greatest common factor of x and 36.
18
Suppose 113 = -c + 118. Calculate the highest common divisor of c and 60.
5
Let o = -40 - -58. Suppose j - 62 = -2*s, 5 = -j - s + 66. Suppose -6*b + b = -j. Calculate the highest common divisor of b and o.
6
Let v = -76 + 142. Let q = -14 - -58. Calculate the highest common factor of q and v.
22
Suppose -6*i + 5*j = -11*i + 1270, -2*j = -i + 248. What is the greatest common factor of 28 and i?
28
Suppose -s + 2*c = -17, 4*c + 6 = s - 19. Let m = s - 1. Let k(r) = -r - 5. Let h be k(-13). What is the highest common divisor of h and m?
8
Suppose -20*h + 1657 = 297. What is the greatest common divisor of h and 884?
68
Let t = 17 - -4. Suppose t = -j + 116. What is the greatest common factor of 38 and j?
19
Let j = 512 - 503. What is the highest common divisor of 9 and j?
9
Let y be 0 + 3 + (-3 - -3). Suppose y*b - 392 = -4*q, 1 = q - 1. Let x be 3*(-1)/(-3)*b. What is the greatest common divisor of 16 and x?
16
Let d be 510/(-21) - (-4)/14. Let l(w) = 4*w**2 + 16*w + 10. Let j be l(-5). Let v = j + d. Calculate the highest common factor of 6 and v.
6
Suppose -2*p + 8*h = 5*h - 528, 2*p = 5*h + 520. Calculate the highest common factor of 40 and p.
10
Let z be 174/(-4)*(-2 - -6). Let b = -104 - z. Suppose -l + b = 6*l. Calculate the greatest common factor of 10 and l.
10
Let h = -104 - -106. Let l be (h*(-6)/(-10))/(24/320). What is the highest common factor of 112 and l?
16
Let q be ((-1)/7 - 1)/((-18)/63). Let n be (0 - (-3 + 2))*6. Calculate the highest common factor of q and n.
2
Let y = -213 - -218. Calculate the highest common factor of y and 95.
5
Suppose -2*c + 60 = 5*l, 5*l - 2*c - 48 - 32 = 0. What is the highest common divisor of l and 252?
14
Let b = -1656 - -1731. Calculate the greatest common divisor of 105 and b.
15
Suppose 4*b = o + o + 98, -4*b - 2*o + 94 = 0. Let m be ((-1)/((-3)/(-18)))/((-3)/2). Suppose -36 = 3*z - m*z. Calculate the greatest common factor of b and z.
12
Let d(x) = -x**3 + 20*x**2 - 34*x - 38. Let g be d(16). Calculate the greatest common divisor of 34 and g.
34
Let b(t) = 32*t**2 + 57*t + 10. Let d be b(4). What is the highest common factor of d and 50?
50
Suppose 284 = 2*u + 2*c, 6*c = 3*c - 6. What is the highest common divisor of u and 648?
72
Suppose -438*m + 450*m = 540. Calculate the greatest common divisor of 2610 and m.
45
Let s be ((-4)/4)/((-3)/(-33)). Let x = -11 - s. Let d be -2 - x - (-1 + -13). What is the greatest common divisor of d and 108?
12
Let n be 673/(-9) - 4/18. Let j be 2/(-6)*n/1. Suppose 3*k + 15 = 5*b + 4*k, -5*b = 3*k - j. What is the greatest common factor of b and 22?
2
Let w(i) = i**2 + 10*i + 14. Let k be w(-6). Let z be 18/30 - 1284/k. Let p = z - 63. What is the greatest common factor of p and 165?
33
Let t = 844 - 804. Let q(l) = -5*l**3 - l**2 + 1. Let u be q(-1). What is the highest common divisor of t and u?
5
Let t = -174 - -174. Let j(i) = 3 + 0*i - 4*i + 2*i. Let h be j(t). What is the highest common factor of h and 15?
3
Let v = -2775 + 3030. What is the highest common divisor of v and 459?
51
Suppose 3*n - 17 = 100. Let m be 6/(-4)*(-260)/n. Calculate the greatest common factor of 80 and m.
10
Let o = 33 + 597. Suppose -4*d + o = -2*t, 7*t - 2*t = -d + 130. Calculate the highest common divisor of 31 and d.
31
Suppose 0 = -4*r - 5*x + 80, -2*r - 6*x = -2*x - 40. Calculate the highest common factor of r and 180.
20
Suppose 18*z - 21*z + 90 = 0. Calculate the highest common factor of 15 and z.
15
Suppose -15*z + 1960 = -z. Calculate the greatest common factor of 56 and z.
28
Let t be (-69)/(2*9/(-12)). Calculate the highest common factor of t and 2.
2
Let r(y) = 3*y**2 - 27. Let s be r(-5). What is the greatest common divisor of 60 and s?
12
Suppose 0 = i - 70 + 6. Let y(t) = -2*t**3 + 2*t**2 + 8*t - 3. Let r be y(5). Let z = 171 + r. What is the greatest common divisor of i and z?
8
Let x(b) = -6*b + 1. Let z(k) = 13*k - 3. Let t(d) = -10*x(d) - 6*z(d). Let g be t(-6). Calculate the highest common divisor of 29 and g.
29
Suppose -y + 2*y + 11 = 0. Let x = 17 + y. Let d be x/(-3) - (0 + -18). What is the greatest common divisor of d and 128?
16
Suppose -w - b + 26 = 0, 3*w - 73 = -799*b + 797*b. Let s be (9/(-2))/((-1)/42). Calculate the highest common divisor of w and s.
21
Let s = -2927 + 3015. What is the greatest common divisor of s and 748?
44
Suppose 32 = 4*c - 4*d, 4*c - 7 = -0*c - d. Let o = -2 - -20. Suppose 3*s + 3*v - o = 0, -2*v = 5*s + 2*v - 33. Calculate the highest common factor of c and s.
3
Let l = -49 + 139. Suppose -5*b = -4*z - 10 + l, -5*b = 0. Suppose -5*v - 4*x = -134, v - x = -3*x + 22. What is the highest common divisor of z and v?
10
Let d(z) = -z**2 + 8*z + 4. Let v be d(8). Let p be 3/6 + (-30)/v. Let j = 27 + p. Calculate the highest common factor of j and 4.
4
Let z(c) = -2*c**2 - 13*c + 6. Let k be z(-8). Let p = -14 - k. Suppose 0*v = p*v - 320. What is the greatest common divisor of 32 and v?
16
Let k be 2/((-4)/(-4 - 20)). Let x(v) = 2*v - 3. Let u be x(2). Let i be ((-6)/3 - -20)*u. Calculate the greatest common divisor of k and i.
6
Let u = -76 + 79. What is the highest common divisor of u and 24?
3
Let i = -27 - -16. Let r(j) = -j**3 - 12*j**2 - 16*j - 7. Let s be r(i). Let n be 8/2 - s/(-3). Calculate the greatest common divisor of n and 220.
20
Let p(b) = 19*b + 19. Let r be p(1). Calculate the highest common factor of 570 and r.
38
Let v = 16 - 1. Suppose 4*k + 3129 = -17*k. Let j = k + 194. Calculate the greatest common divisor of v and j.
15
Let p = -253 + 323. What is the greatest common factor of p and 7?
7
Let f be (152/10)/(2/10). Suppose 6*n - f + 4 = 0. Calculate the greatest common divisor of n and 36.
12
Suppose -5*o + 7*o - 176 = 0. What is the highest common factor of 11 and o?
11
Let r be -4*(1 - 6/4). Suppose -r*u + 13 = 5. Suppose 2*l = 3*f + 4*l - 32, 0 = -3*f + u*l + 44. What is the highest common factor of 24 and f?
12
Let c be (-11 - 26) + 0/(-1). Let k = c + 51. What is the highest common divisor of 98 and k?
14
Let j(k) = 104*k - 287. Let y be j(7). What is the greatest common divisor of y and 63?
63
Suppose 3*w - 5*g - 26 = -0*w, -w - 3*g - 10 = 0. Suppose 2*o - q = -0*q + 36, -w*o = -3*q - 44. Calculate the highest common divisor of 4 and o.
4
Suppose -9*m + 13*m = 148. Let a = m + -17. What is the greatest common divisor of 80 and a?
20
Suppose -3*v + 4 = v. Suppose -3*y + v = -2*y. Let m = -61 